ainder when 1320 is divided by 39.
33
Calculate the remainder when 412 is divided by 210.
202
Calculate the remainder when 432 is divided by 129.
45
Calculate the remainder when 183 is divided by 22.
7
Calculate the remainder when 426 is divided by 246.
180
What is the remainder when 108 is divided by 49?
10
What is the remainder when 18199 is divided by 325?
324
What is the remainder when 53061 is divided by 9?
6
What is the remainder when 271 is divided by 93?
85
Calculate the remainder when 212 is divided by 57.
41
What is the remainder when 24122 is divided by 8039?
5
Calculate the remainder when 163 is divided by 24.
19
What is the remainder when 1157 is divided by 353?
98
What is the remainder when 132 is divided by 49?
34
Calculate the remainder when 1524 is divided by 139.
134
What is the remainder when 283 is divided by 81?
40
Calculate the remainder when 95 is divided by 36.
23
What is the remainder when 12657 is divided by 60?
57
Calculate the remainder when 380 is divided by 175.
30
What is the remainder when 10761 is divided by 26?
23
Calculate the remainder when 237 is divided by 34.
33
What is the remainder when 494 is divided by 110?
54
What is the remainder when 143 is divided by 42?
17
What is the remainder when 27 is divided by 2?
1
What is the remainder when 1385 is divided by 73?
71
Calculate the remainder when 1506 is divided by 154.
120
What is the remainder when 3369 is divided by 10?
9
Calculate the remainder when 1360 is divided by 52.
8
What is the remainder when 268 is divided by 92?
84
What is the remainder when 37651 is divided by 77?
75
Calculate the remainder when 30 is divided by 26.
4
Calculate the remainder when 13 is divided by 8.
5
What is the remainder when 5105 is divided by 74?
73
Calculate the remainder when 1035 is divided by 340.
15
What is the remainder when 719 is divided by 18?
17
What is the remainder when 383 is divided by 194?
189
What is the remainder when 17 is divided by 6?
5
Calculate the remainder when 465 is divided by 9.
6
Calculate the remainder when 465 is divided by 47.
42
Calculate the remainder when 43 is divided by 8.
3
What is the remainder when 4 is divided by 3?
1
What is the remainder when 1463 is divided by 25?
13
Calculate the remainder when 556 is divided by 113.
104
What is the remainder when 1773 is divided by 38?
25
What is the remainder when 1547 is divided by 2?
1
Calculate the remainder when 1650 is divided by 19.
16
Calculate the remainder when 864 is divided by 33.
6
What is the remainder when 193 is divided by 66?
61
Calculate the remainder when 1397 is divided by 78.
71
Calculate the remainder when 1424 is divided by 469.
17
Calculate the remainder when 63 is divided by 8.
7
What is the remainder when 398 is divided by 25?
23
What is the remainder when 191 is divided by 166?
25
Calculate the remainder when 4838 is divided by 110.
108
What is the remainder when 618 is divided by 50?
18
Calculate the remainder when 2904 is divided by 32.
24
Calculate the remainder when 57714 is divided by 35.
34
Calculate the remainder when 799 is divided by 49.
15
Calculate the remainder when 249 is divided by 67.
48
What is the remainder when 162 is divided by 42?
36
Calculate the remainder when 152 is divided by 34.
16
Calculate the remainder when 31 is divided by 13.
5
What is the remainder when 1194 is divided by 134?
122
What is the remainder when 918 is divided by 232?
222
What is the remainder when 842 is divided by 38?
6
Calculate the remainder when 16 is divided by 6.
4
What is the remainder when 905 is divided by 6?
5
Calculate the remainder when 16798 is divided by 168.
166
What is the remainder when 207 is divided by 17?
3
What is the remainder when 641 is divided by 17?
12
Calculate the remainder when 350 is divided by 16.
14
What is the remainder when 3148 is divided by 75?
73
Calculate the remainder when 446 is divided by 32.
30
What is the remainder when 103 is divided by 53?
50
Calculate the remainder when 384 is divided by 90.
24
Calculate the remainder when 86 is divided by 47.
39
Calculate the remainder when 671 is divided by 342.
329
What is the remainder when 25949 is divided by 50?
49
Calculate the remainder when 1330 is divided by 22.
10
What is the remainder when 840 is divided by 31?
3
Calculate the remainder when 244 is divided by 240.
4
What is the remainder when 1797 is divided by 45?
42
What is the remainder when 203 is divided by 36?
23
Calculate the remainder when 1063 is divided by 136.
111
Calculate the remainder when 2707 is divided by 129.
127
What is the remainder when 36 is divided by 10?
6
Calculate the remainder when 305 is divided by 142.
21
What is the remainder when 1054 is divided by 33?
31
What is the remainder when 6460 is divided by 64?
60
Calculate the remainder when 1436 is divided by 131.
126
Calculate the remainder when 591 is divided by 142.
23
What is the remainder when 202 is divided by 3?
1
Calculate the remainder when 271 is divided by 29.
10
What is the remainder when 4755 is divided by 116?
115
What is the remainder when 27 is divided by 7?
6
Calculate the remainder when 137 is divided by 20.
17
Calculate the remainder when 153 is divided by 8.
1
What is the remainder when 2389 is divided by 120?
109
What is the remainder when 69 is divided by 17?
1
What is the remainder when 890 is divided by 409?
72
What is the remainder when 1781 is divided by 2?
1
Calculate the remainder when 1089 is divided by 84.
81
What is the remainder when 159 is divided by 134?
25
Calculate the remainder when 45 is divided by 2.
1
What is the remainder when 13 is divided by 8?
5
Calculate the remainder when 6730 is divided by 306.
304
Calculate the remainder when 54 is divided by 14.
12
Calculate the remainder when 1374 is divided by 127.
104
What is the remainder when 215 is divided by 24?
23
What is the remainder when 1155 is divided by 237?
207
What is the remainder when 4176 is divided by 76?
72
Calculate the remainder when 254 is divided by 16.
14
What is the remainder when 1671 is divided by 76?
75
Calculate the remainder when 13564 is divided by 19.
17
What is the remainder when 3004 is divided by 43?
37
What is the remainder when 678 is divided by 46?
34
What is the remainder when 753 is divided by 26?
25
What is the remainder when 512 is divided by 74?
68
What is the remainder when 7750 is divided by 10?
0
What is the remainder when 209 is divided by 49?
13
What is the remainder when 77 is divided by 43?
34
Calculate the remainder when 621 is divided by 4.
1
What is the remainder when 230 is divided by 26?
22
Calculate the remainder when 276 is divided by 87.
15
What is the remainder when 767 is divided by 54?
11
What is the remainder when 3398 is divided by 14?
10
Calculate the remainder when 442 is divided by 24.
10
What is the remainder when 1499 is divided by 429?
212
Calculate the remainder when 999 is divided by 20.
19
What is the remainder when 22044 is divided by 32?
28
What is the remainder when 1828 is divided by 61?
59
What is the remainder when 1183 is divided by 15?
13
What is the remainder when 1370 is divided by 228?
2
Calculate the remainder when 5977 is divided by 187.
180
Calculate the remainder when 1137 is divided by 228.
225
What is the remainder when 2294 is divided by 26?
6
What is the remainder when 83 is divided by 6?
5
What is the remainder when 4930 is divided by 18?
16
What is the remainder when 13917 is divided by 31?
29
Calculate the remainder when 5689 is divided by 85.
79
What is the remainder when 275 is divided by 170?
105
What is the remainder when 2610 is divided by 55?
25
Calculate the remainder when 1091 is divided by 22.
13
What is the remainder when 1217 is divided by 179?
143
What is the remainder when 706 is divided by 210?
76
What is the remainder when 389 is divided by 99?
92
What is the remainder when 187 is divided by 19?
16
Calculate the remainder when 43256 is divided by 12.
8
What is the remainder when 1803 is divided by 43?
40
Calculate the remainder when 14715 is divided by 66.
63
Calculate the remainder when 190 is divided by 24.
22
What is the remainder when 233 is divided by 134?
99
Calculate the remainder when 174 is divided by 14.
6
Calculate the remainder when 10848 is divided by 